(((-54)/15)/2)/(5/((-300)/(-18))). Let s(v) = v + 8. What is s(i)?
2
Let h(s) = -8*s - 722. Let v(u) = 5*u + 493. Let i(x) = -7*h(x) - 10*v(x). Determine i(-25).
-26
Let q(c) = -7*c**2 + 376*c + 101. Let w be q(54). Let h(y) = 25 - 3*y - 4 - 2*y - y**2. What is h(w)?
7
Let b(l) = -l - 1. Let y(m) = -12*m**2 + 2*m + 3. Let d(w) = -2*b(w) - y(w). Let o(t) = -5*t - 40. Let z be o(51). Let g = -296 - z. What is d(g)?
11
Let a(b) be the third derivative of b**5/60 - b**4/8 + b**3/6 + 6*b**2 - 24*b - 2. Let v be (-1)/2*-14 - 1. Give a(v).
19
Let z be 3 - (6/(-2) + 2). Suppose 0 = 3*i + 16 - z. Let u(q) = -7*q**2 - 5*q - 12. Let h(m) = 4*m**2 + 2*m + 6. Let o(x) = 5*h(x) + 3*u(x). Calculate o(i).
-2
Suppose -121*a = -56*a. Let c(r) = -r**3 + r**2 - 3*r + 15. Let o(y) = -y + 1. Let b(w) = -c(w) + 3*o(w). Calculate b(a).
-12
Suppose -7*d = 4*d + 33. Let l(x) = -2*x**3 + x + 1. Let c(j) = 8*j**3 - 3*j**2 + j - 6. Let h(m) = d*l(m) - c(m). Calculate h(3).
-36
Let s(t) = -58*t + 201. Let d(b) = 52*b - 202. Let j(v) = 4*d(v) + 3*s(v). Give j(6).
-1
Let v = 116 + -77. Let r(f) = -6*f + 29. Let c be r(0). Suppose -2*q - c + v = 0. Let a(g) = -2*g + 5. What is a(q)?
-5
Let f(k) = -10*k + 22. Suppose 34*b - 1166 = -1098. Determine f(b).
2
Let j(y) = -1239274*y - 2 + y**2 + 0*y**2 + 1239269*y. What is j(13)?
102
Let c(l) = 130*l**2 + 2*l + 171. Let p(t) = 64*t**2 + t + 76. Let m(z) = -4*c(z) + 9*p(z). Calculate m(1).
57
Let r(l) be the second derivative of l**4/24 - 7*l**3/6 - 51*l**2 - 41*l. Let v(m) be the first derivative of r(m). Give v(8).
1
Let x(i) be the first derivative of 110 + 4*i - 1/4*i**4 + 2*i**2 - 4/3*i**3. Calculate x(-5).
9
Suppose -4*s = 2*x - 78, 2*x + 2 - 32 = 4*s. Let n(k) = 2*k**3 - 53*k**2 - 26*k - 20. Determine n(x).
7
Let l(k) be the third derivative of k**7/1008 - 53*k**5/60 - 63*k**2 + 1. Let p(n) be the third derivative of l(n). What is p(5)?
25
Suppose -2*y = -2 + 4. Let v be (4 - 3 - (-2 - 0)) + y. Let b(t) = -v - 13*t + 21*t + 5 - 9*t. Determine b(4).
-1
Let c(x) = -6985 - 78*x**3 + x**2 + 79*x**3 + 6992. Let g = 1 - 1. Determine c(g).
7
Let v(m) = m**2 + 52*m + 268. Let r be v(-5). Let a(d) = d**3 - 35*d**2 + 66*d - 10. Determine a(r).
-10
Let r(x) = -x**3 - 5*x**2 + 7*x + 7. Suppose 3*u + 12 = 0, -w - 5*u = 3*w - 508. Suppose -4*v = -5*a - w, -a - 5 = -1. Suppose -2 - v = 5*j. Give r(j).
1
Let l be 16/72 - (-76)/(-18). Let t be (1/(-2))/((-5)/30). Let v(y) = -3*y - 2*y**2 - y**3 - y**2 + t - 2*y**2. Give v(l).
-1
Suppose 5*m = 3*m - 6. Suppose -3*t + 4*f = 2, 11 = 5*t - f + 3. Let q(z) = 3*z - t*z + 0*z. Determine q(m).
-3
Let x(j) = -j**2 - 10*j. Let y(n) = 22*n**3 - 5*n**2 - 84*n + 2. Let t(b) = -8*x(b) + y(b). Determine t(1).
23
Let r(b) = -10 + 22 + 5*b - 6*b - 1 - 8. Let j(d) = d**3 - 9*d**2 + 7*d - 4. Let w be j(8). Let l be (4/w)/(1/(-12)). Give r(l).
-1
Let q = 11347 - 11345. Let y(d) = -3*d + 10. Calculate y(q).
4
Let y(r) = -1. Let h(a) = -a**2 - 12*a + 22. Let l(p) = -h(p) - 6*y(p). Let b be (((-8)/(-6))/(-2))/(12/216). What is l(b)?
-16
Let o(k) = -k**2 - 24*k - 136. Let y = -3742 + 3732. Calculate o(y).
4
Let u(d) = d**2 - 2*d + 6. Let m be u(0). Suppose -r = -4*q - 7, 2*q = 2*r - 2*q - m. Let c(f) = 1 + f - 2 - 3*f - 4*f**2. Give c(r).
-3
Let x(k) be the second derivative of -k**4/12 - 7*k**3/3 - 26*k**2 - 241*k. Let u be x(-9). Let p(o) = -o - 3. Determine p(u).
4
Let b(h) = -h + 2. Let m(x) = 2*x - 3. Let c = 2 - -1. Let j(l) = c*m(l) + 4*b(l). Let v be -3 + ((-6)/(-4) - (-4)/8). Give j(v).
-3
Suppose 0 = 3*a + w - 7, 70*w - 67*w = -5*a + 21. Let g(i) be the first derivative of 6*i - 1/4*i**4 + 5/3*i**3 + 23 + a*i**2. Calculate g(5).
6
Let i(c) be the second derivative of -60*c - c**2 + 0 + 5/6*c**3. Let d = 1 - 3. What is i(d)?
-12
Let y(m) = -m**3 + 7*m**2 + 9*m - 8. Suppose -3*q - 6 = 4*k, -3*k + 0*k + 3*q = -6. Let b be (3 - k/2)*128/48. Determine y(b).
0
Let k be 2198/8 - (-38)/152. Let b = -265 + k. Let f(y) = y**3 - 10*y**2 - 1. What is f(b)?
-1
Let m(d) = 8 + 29*d - 10 + 54 + 42 - 10*d. Give m(-5).
-1
Let l(u) = -u - 10. Suppose 0 = -3*b + 4*a - 5 - 7, -3 = 2*b - a. Suppose b = 7*y - 2*y. Suppose y = 5*h + 5*j + 40, 2*h + 4*j - 13 = 3*h. What is l(h)?
-1
Let w(o) = -5*o**2 - o + 26. Let c be w(-2). Let d(q) = -q**2 + 15*q - 58. Give d(c).
-2
Let p(u) = 13*u + 20. Let c be p(-4). Let b = -30 - c. Let d(h) = -102 - 106 + 201 - h**b - 8*h. Determine d(-5).
8
Let g(i) = -i**2 - 6*i. Suppose -8*u + 273 = -15*u. Let f be u/(-4) - 4/(-16). Let m = f - 13. Calculate g(m).
9
Let i be 28/(-49)*14*(-2)/8. Suppose 3*w + i*m = 4*m + 4, -5*w + 36 = 4*m. Let c(y) = 6*y - 6. Calculate c(w).
18
Let s(p) = p**2 - 5*p - 9. Let c be s(9). Suppose 4*z = -5*z - c. Let x(h) = -2*h - h**3 + 0*h - h**2 + 4 - h**2 - 2 + 7*h. Calculate x(z).
-4
Suppose 6*i - 4*p = 26, 4*p + 23 = 5*i + p. Suppose i = -9*x + 10*x. Let c(d) = 4*d - 3. What is c(x)?
25
Let f(x) be the first derivative of -18*x + 2*x**3 - 14 + 1/2*x**2. Let u(g) be the first derivative of f(g). Calculate u(2).
25
Let u(k) = 9*k - 6. Let w = 9441 - 9433. What is u(w)?
66
Let o(g) = -g + 3. Suppose -4*w - 226 = -3*m, 3*m = -2*w - 0*w + 238. Let a = -72 + m. Let v be ((-1)/(a/8))/(56/(-252)). Determine o(v).
-3
Let n = -82 - -82. Suppose 3*l - 36 = -l. Let i(d) = n*d + d**2 + 2*d + 3 - 5*d + l*d. Give i(-4).
-5
Suppose -669*a + 627*a = -546. Let p(j) = -j**2 + 10*j + 14. Give p(a).
-25
Let b(m) = -m**2 - 14*m + 36. Let t be b(-16). Suppose 38 = 5*k - t*y + 5*y, -3 = -y. Let f(u) = k*u - 7*u - u - 6. What is f(-10)?
4
Let m(s) = s**3 + 14*s - 14 + 113*s**2 - 98*s**2 - 10*s**2 - 6 - 18*s**2. Give m(11).
-108
Let s(z) = 11*z + 21. Let g be s(5). Let r = g - 76. Let f(o) = 4*o - o + r*o + 0*o + 1. What is f(-4)?
-11
Let l(g) be the first derivative of g**3/3 - 7*g**2/2 + 2*g + 2. Let x(v) = 3*v**2 + 11*v + 38. Let o be x(-5). Let b = -51 + o. Determine l(b).
2
Let j(t) = 11*t - 123. Suppose -1077*a = -1035*a - 546. Calculate j(a).
20
Suppose 0 = 3*g - 3*w + 9, 0 = -g + 501*w - 506*w - 39. Let u(y) = 14*y + 9. What is u(g)?
-117
Let k(q) = 38*q + 258. Let i(y) = -13*y - 89. Let d(p) = -8*i(p) - 3*k(p). Calculate d(-7).
8
Let w(k) = 228*k - 1368. Let g be w(6). Let d(c) = -c**3 + 2*c**2 + 3*c - 12. Calculate d(g).
-12
Let u(p) = p - 15. Let i be u(15). Let h be ((-2)/4 - i)*32/2. Let l be (-26)/(-4) - (-4)/h. Let a(f) = -f**3 + 5*f**2 + 4*f - 7. What is a(l)?
-19
Let v(o) = -10*o - 244. Suppose 59*h + 142*h + 2918 = -1906. Give v(h).
-4
Let x(r) = -r**3 - 10*r**2 - 11*r - 108. Let q be x(-10). Let j(h) = h**2 - 10*h + 13. Let p be j(q). Let m(u) = 3*u + 5. What is m(p)?
-4
Suppose 0 = 17*a - 22*a - 5, -4*a + 8 = 2*s. Suppose 0 = 3*k + 8*h - 4*h + s, 9 = 3*h. Let u(w) = w**3 + 7*w**2 + 7*w + 3. What is u(k)?
-3
Let b(n) be the second derivative of n**5/10 - 3*n**4/4 + n**3/3 + 3*n**2 - 2025*n. Determine b(4).
-2
Let h(m) be the third derivative of m**7/840 + m**6/40 + m**5/120 + m**4/4 + 2*m**3 - 71*m**2. Let s(p) be the first derivative of h(p). Give s(-9).
-3
Let f(o) = o**3 + o**2 - 4*o + 1. Let g(t) = 6*t**2 + t - 2. Let c(z) = z**2 - 10 + z + 27 - 18. Let l(m) = 5*c(m) - g(m). Let y be l(4). Calculate f(y).
-5
Let r = -93809 - -93818. Let c(f) be the third derivative of -f**6/120 + 3*f**5/20 + f**4/12 - 2*f**3 - f**2. What is c(r)?
6
Let x(p) = p**3 + 8*p**2 + 2*p - 16. Suppose 92*k + 736 = -0*k. Calculate x(k).
-32
Let w(o) = -4*o**2 - 2*o - 1. Let c be w(-1). Let t(i) = 4*i**2 + 3*i - 8*i - 1 - 2*i + 11*i**2 - 16*i**2. Determine t(c).
11
Let g(l) = -14*l**2 - 4*l + 4. Let r(x) = -46*x + 2072. Let t be r(45). Determine g(t).
-60
Let c be 530/5035 - (-2)/19*37. Let f(v) = 3*v**2 - 8*v + 8. Determine f(c).
24
Let w = -790 + 795. Let p(s) be the third derivative of s**5/60 - 5*s**4/24 - 4*s**3/3 + s**2 + 60. What is p(w)?
-8
Let a be ((-26)/(-4))/((-25)/(-1500)). Let h = a - 392. Let c(z) = -z**3 - 4*z**2 - 4*z - 4. Determine c(h).
-4
Suppose 0 = 5*q + 4*l - 237, q + 2*l = -2*q + 143. Suppose 0 = -4*y + 4*r + 16, 2*r = -5*y + 6 + q. Let x(c) = c**3 - 8*c**2 - 6*c - 9. Calculate x(y).
18
Let t(y) = -y - 34. Let n(b) be the second derivative of b**3/6 + b**2/2 - 216*b. Let s(v) = 2*n(v) + t(v). What is s(17)?
-15
Let s(d) = 11*d - 78. Let i(n) = 6*n - 40. Let a(h) = -13*i(